pose 6*d + 3*p + 68 = 10*d, -3*p - 28 = -2*d. Calculate the greatest common divisor of m and d.
10
Let k = -9 - -23. Suppose 2*m - 4*b = 42, 5*m + 4*b - 147 = k. What is the highest common divisor of 29 and m?
29
Let s = 491 + -462. Let w(n) = 28*n**3 + n**2 + n - 1. Let d be w(1). What is the highest common divisor of d and s?
29
Suppose 5*x - 5*s = -55, 0 = x + 4*x + 3*s + 15. Let a be -2*(x - (-1 + -3)). What is the greatest common factor of a and 10?
2
Let z = 147 - 72. Suppose -v = i - z, i + 5*v - 14 = 53. Calculate the greatest common divisor of 11 and i.
11
Let g be (-27)/3 + 2 + 39. What is the highest common factor of 8 and g?
8
Let w = -9 + 19. Let t = 17 - w. Calculate the highest common factor of t and 35.
7
Let d(v) = 8*v - 193. Let c be d(29). Let n = 151 - -200. What is the greatest common factor of c and n?
39
Let q(o) = o**3 - 18*o**2 + 30*o + 4. Let y be q(17). Suppose 2*s - s - y = 0. Calculate the highest common divisor of s and 25.
25
Suppose -3*o - 2*t = -0*o - 38, -4*o = 2*t - 48. Let f = o + -10. Suppose 0*b - 4*b + 4*l + 16 = f, 3*b + l = 0. Calculate the highest common factor of b and 1.
1
Suppose 0 = 3*w - 3*v - 300, -5*w - 3*v + 2*v + 512 = 0. Calculate the highest common factor of w and 850.
34
Let n(k) = -2*k**3 - 28*k**2 + 59*k + 19. Let f be n(-16). Calculate the greatest common factor of f and 165.
33
Suppose -64*n = -57*n - 560. Calculate the highest common divisor of 168 and n.
8
Let b = 20 - 17. Suppose 4*z = 8*s - b*s + 69, -4*z + 4*s = -72. Calculate the highest common factor of 14 and z.
7
Let i be (-78)/429 - 1544/(-22). What is the greatest common divisor of i and 5810?
70
Suppose 0 = 5*h + 68 + 77. Let z = h + 37. Let c be 4/(-4)*z/(-2). Calculate the highest common divisor of c and 36.
4
Suppose -2*g + p = 0, -4*p + 4 + 2 = -5*g. Suppose -3*v + 53 = -v - 3*d, 6 = -2*d. Calculate the greatest common factor of g and v.
2
Let v(u) = -u + 17 + 2*u - 2. Let n be -6 - (-4 - (-4 - 0)). Let m be v(n). What is the greatest common factor of 9 and m?
9
Let l be ((-16)/(-5))/(10/25). Let g be -2*((-12)/l)/1. Suppose 0 = 7*y - g*y - 72. What is the greatest common divisor of 144 and y?
18
Let r = 356 + -339. What is the greatest common divisor of r and 68?
17
Let c = 21 - 13. Let v be (6/(-12))/((-2)/c). Calculate the highest common factor of v and 2.
2
Suppose -7*l + 3*l = -20. Let t be (-56)/(-35) - 4032/(-105). Calculate the highest common divisor of t and l.
5
Let q = 346 - 186. Suppose q = 4*n + n. Suppose -2*i - 4*a + n = 0, -5*i + a + 66 = 4*a. What is the highest common divisor of i and 36?
12
Let k(z) = -74*z - 34. Let q be k(-1). Calculate the greatest common divisor of q and 140.
20
Let c(m) = 4*m**2 + 44*m + 3. Let r be c(-11). Let i(g) = -2*g - 2. Let f be i(-10). Calculate the greatest common factor of r and f.
3
Let z(o) = o**3 + 9*o**2 + 7*o - 59. Let d be z(-5). Let b be (1 + 106/(-10))*-5. What is the highest common factor of b and d?
6
Let g(x) = 3*x**3 + 3*x**2 + 3*x - 5. Let q be g(3). Calculate the greatest common divisor of 280 and q.
56
Let l(z) = 2*z + 2. Let f be (-10)/(-3)*(-96)/40. Let r be (-42)/(-4)*f/(-12). Let s be l(r). What is the greatest common divisor of 24 and s?
8
Suppose -15*q + 10 + 65 = 0. What is the greatest common divisor of q and 1255?
5
Let g(x) = -2*x**3 - 4*x**2 + 2*x - 8. Let z be g(-3). What is the highest common factor of 138 and z?
2
Suppose 15*f + 5*q = 14*f + 65, 3*q - 209 = -4*f. What is the greatest common factor of 550 and f?
50
Suppose 2400 = 21*n - 1632. What is the greatest common divisor of 24 and n?
24
Let y be (-334)/(-26) + (-11)/((-858)/12). Suppose -v = -0 - 23. Suppose -3*m + m = -c + v, 2*m + 75 = 5*c. What is the highest common factor of c and y?
13
Suppose 10 = -3*b + 31. Suppose -5*a - 12*g = -9*g - 166, -2*a + 58 = 4*g. What is the greatest common divisor of b and a?
7
Let y(d) = 19 - 8*d + d + 5*d + d. Let s be y(-11). Let z(t) = -3*t**3 - 2*t**2 - 3*t - 2. Let r be z(-2). Calculate the greatest common divisor of r and s.
10
Suppose -o + 27 = -58. Let d(t) = 15*t + 6. Let x be d(9). Suppose 4*n - x = -5. What is the greatest common factor of o and n?
17
Let l be (-1350)/(-9)*(4/6)/2. What is the greatest common divisor of 675 and l?
25
Suppose -5*r = 3*d - 192, 6*r - 5*r - 2*d = 28. Suppose 15 = a - 3*o, 2*a - r = 4*o - 0*o. What is the highest common divisor of 264 and a?
24
Let s be (4 - 10)/((-10)/75). Let a(p) = p**3 - 15*p**2 - 16*p + 15. Let u be a(16). Calculate the highest common divisor of u and s.
15
Suppose m + m - 4 = 0. Suppose 0 = d - 9 + m. Suppose -4*n + 3*c + 0*c + 302 = 0, 5*n - 377 = 4*c. What is the highest common divisor of n and d?
7
Let o be 34*(-6)/(-7 + -5). Let l = -5 + 7. Let x be 34*2*(l + -1). Calculate the highest common factor of x and o.
17
Suppose 4*p + 6*o = 4*o + 28, o - 20 = -3*p. Let j = -27 + 45. Let s = p + j. Calculate the greatest common factor of 36 and s.
12
Let a = 28 + -19. Suppose 4 - a = p, 0 = -4*h + 4*p + 540. What is the highest common divisor of 52 and h?
26
Let h be (-1)/(-9) - (-78)/27. Suppose -7*n = -h*n. Let k be 5 - n - (-3 - -1). What is the highest common factor of 56 and k?
7
Suppose 0 = m + 4*m - 20. Suppose 13*t = m*t + 180. Calculate the greatest common factor of 140 and t.
20
Let u be -4 + 9 + 15*(-2 - -3). Let k = 100 + u. Let i = 48 + -33. What is the greatest common factor of k and i?
15
Let b(z) = 4*z**2 - 1. Let s be b(-2). Suppose -3*p - 2 = -5*p. Suppose -2*h + p = -5. What is the greatest common factor of s and h?
3
Suppose 1 = -5*g - 4*j - 0*j, 3*g = 3*j + 21. Let y(x) = 19*x - 9. Let q be y(g). Calculate the highest common factor of 72 and q.
24
Let j be -7 - 60/(-5) - -1. Calculate the highest common factor of 246 and j.
6
Suppose -3*s - 4*q = -3494, -15*s - 4*q = -13*s - 2328. Calculate the highest common factor of s and 44.
22
Let x(q) = -135*q - 36. Let t be x(2). Let h be (-4)/2*(-1)/(-2). Let l be (h/3)/(2/t). Calculate the greatest common divisor of l and 34.
17
Suppose 6*c = 10*c. Suppose c*s = -3*b + 5*s + 124, 44 = b - s. Calculate the highest common divisor of b and 16.
16
Suppose 42 = -42*s + 39*s. Let n be 8*(-1)/4*s. Calculate the highest common factor of n and 14.
14
Suppose -5*o + 214 = -0*t - 3*t, -2*t - 129 = -3*o. Suppose -43 = -2*r + o. Calculate the highest common divisor of r and 105.
21
Let b(o) = o**3 - 19*o**2 + o - 9. Let w be b(19). Suppose 6*f + w = 7*f. Let r(s) = s**2 - s. Let k be r(6). Calculate the greatest common factor of f and k.
10
Let i be (-3*8)/((-3)/2). Suppose -c + i = 3*y, -5*y + 20 + 1 = -4*c. Suppose -47 + 2 = -y*n. What is the highest common factor of n and 81?
9
Suppose 4*a - 440 = -47*c + 52*c, 4*a - 2*c = 428. Calculate the greatest common divisor of 84 and a.
21
Let d be 36 - (1 + -2)*-4. Let u = d - -31. Let m = -9 - -16. Calculate the greatest common factor of u and m.
7
Let g(u) = -3*u**2 - 2*u - 6. Let n be g(4). Let k = 95 + n. Calculate the greatest common factor of 33 and k.
33
Let v = 46 - 42. Suppose -3*b + 7 = v. What is the highest common factor of b and 11?
1
Suppose 0 = 34*k - 5563 - 3685. What is the greatest common divisor of 32 and k?
16
Let b(s) = -s**3 + 7*s**2 + 20*s - 8. Let w(i) = i**2 + 11*i + 19. Let c be w(-10). Let d be b(c). What is the highest common divisor of d and 80?
10
Let d be (-1*72/(-20))/((-8)/(-60)). What is the greatest common divisor of d and 117?
9
Suppose -2*u - 4 = 4*v - 86, -116 = -5*v + 2*u. Suppose -3*l + v = 1. Suppose w + 0*w + 24 = 5*p, -2*p + 10 = 0. What is the greatest common factor of w and l?
1
Let c(f) = f**3 + 8*f**2 - 5*f - 56. Let u be c(-7). What is the highest common factor of u and 16?
4
Let v = -46 + 28. Let a be v/(-4)*16/24. Calculate the greatest common factor of a and 48.
3
Let t be -12*2/(-6)*1. Suppose -t*o = -13 - 23. What is the highest common factor of o and 45?
9
Let u(l) = -15*l + 15. Let q be 336/(-60) - (-3)/5. Let a be u(q). What is the greatest common factor of a and 10?
10
Let s(d) = 10*d - 18. Let i be s(5). Let k = -18 + i. Calculate the highest common divisor of k and 98.
14
Suppose -2*u - 13 + 33 = 0. What is the highest common factor of 6 and u?
2
Suppose 43*u - 48*u = 3*d - 1107, -380 = -d + 2*u. Calculate the highest common divisor